- -10. Suppose w*i + 0*t = 2*t + 28, -i + 4*t - 4 = 0. Suppose 0*o - 4*o + 528 = 0. What is the highest common divisor of i and o?
12
Let a = 11 + -28. Let m(u) = -u**3 - 16*u**2 + 15*u - 1. Let x be m(a). Let g be (-2)/9 + 29/9. What is the greatest common factor of x and g?
3
Suppose -6*s + 2*s + 4 = 0. Let w(u) = u**2. Suppose -5*z - 4*q = 21, 3*z = -0*q - 3*q - 15. Let g be w(z). What is the highest common factor of s and g?
1
Let v(i) = -i**3 - i**2 - 2*i - 1. Let x be v(-1). Let d be x*(3 + 2/1). Calculate the greatest common factor of 35 and d.
5
Let z be 2*(-1)/2*-3. Calculate the highest common divisor of 21 and z.
3
Suppose 21*h - 13*h = 400. What is the greatest common divisor of 100 and h?
50
Let x be 14*(-11)/4*-2. What is the greatest common divisor of 7 and x?
7
Suppose -2*n - 17 = -k, -4*k - 3*n + 29 - 5 = 0. Calculate the highest common factor of 36 and k.
9
Let d(r) = r**2 - 5*r - 2. Let z be d(6). Suppose -q - z = -5*q. Calculate the highest common factor of 11 and q.
1
Let l = -9 + 12. Suppose -l*f = -128 - 64. What is the highest common divisor of f and 8?
8
Suppose -48 = 4*b - 8*b. Calculate the highest common factor of b and 12.
12
Suppose -u = u. Suppose -2*h = -u*h - 42. Calculate the highest common factor of 3 and h.
3
Suppose -2*y = -y - 16. Suppose -t + s = -180, 0*s + 2*s = -8. What is the greatest common factor of y and t?
16
Suppose -x = -3*z + 265, 0 = 2*z + 3*z + 2*x - 460. Let r = 315 - 185. Let a = r - z. What is the greatest common factor of a and 10?
10
Suppose 0 = -5*v + 15, 3*v = 4*c - 10 - 45. What is the highest common divisor of c and 1?
1
Let r(u) = u**3 - 7*u**2 + 2*u - 6. Let l be r(7). Let y be (-21)/(-14)*l/(-6). Let a be 2*(y + 3) - -8. Calculate the highest common factor of a and 90.
10
Let q be (-1 + -2)/3*-13. What is the highest common factor of 104 and q?
13
Suppose 0*c - 2*x + 9 = c, 0 = 5*c - 3*x - 84. What is the greatest common divisor of c and 3?
3
Let n = -5 + 10. Suppose 2*a - 15 = -3*a - 5*u, -33 = -a + n*u. Suppose 72 = c + 2*c. Calculate the highest common divisor of a and c.
8
Let i(o) = o**2 + 4*o + 13. Let a be i(-7). What is the highest common divisor of a and 272?
34
Suppose -4*n - 1 = -3*q, 16 = 2*n + 2*q + 6. Calculate the greatest common divisor of n and 22.
2
Let x = -5 + 12. Let q(h) = -h**3 + 11*h**2 - 8*h - 8. Let p be q(x). Let v be 14 + -6 + (7 - 3). Calculate the highest common factor of v and p.
12
Let r = -56 - -79. What is the highest common factor of 46 and r?
23
Let n be (-305)/(-35) - (-6)/21. Calculate the highest common factor of 27 and n.
9
Let x(w) = w**2 + 2*w - 2. Let a be x(-4). Let m(t) = t - 1. Let y be m(-5). Let k = y - -9. What is the highest common divisor of a and k?
3
Let p be ((-1)/(-3))/(5/735). What is the highest common divisor of p and 7?
7
Let q(b) = 2*b - 6. Let o be q(5). Let g be 1*-2 + (0 - -14). Calculate the greatest common divisor of g and o.
4
Suppose 0 = -2*k - 2*o + 38, -5*o - 19 = k - 2*k. Calculate the greatest common divisor of k and 171.
19
Let i(g) = -4*g**3 + 7*g**2 - 2. Let z(d) = d**3 - d. Let a(h) = i(h) + 3*z(h). Let s be a(6). What is the greatest common divisor of s and 4?
4
Suppose -5*z - 10 = 0, 4*s + 2*z - 39 = 137. What is the greatest common divisor of s and 9?
9
Let g be -14*3/(-6) - 0. Calculate the highest common divisor of g and 7.
7
Let h = 9 + -8. Let u be 0 + h/((-2)/(-56)). Calculate the greatest common factor of 70 and u.
14
Let n(i) = 14*i + 1. Let v be n(1). Calculate the highest common divisor of 60 and v.
15
Suppose -5*o + 14 = -5*c + 2*c, c + 5*o = 22. Suppose -c*x = 2*x + 12. Let k = 5 + x. Calculate the highest common divisor of 3 and k.
1
Let p = 14 - 2. What is the greatest common factor of p and 84?
12
Suppose -5*i = 3*f - 34, 6*i + 28 = 4*f + 4*i. Suppose 6 = -7*j + f*j. Calculate the greatest common factor of 42 and j.
6
Let w(l) = l**3 + 8*l**2 + 14*l + 4. Let f be w(-4). Suppose 0 = 6*s - 3*s - 252. What is the greatest common divisor of f and s?
12
Let t be (9/(-6))/((-3)/22). What is the highest common divisor of 11 and t?
11
Let x be -2 - -3 - (-10)/2. Let y(u) = u + 9. Let a be y(-9). Let r = x - a. Calculate the greatest common divisor of r and 15.
3
Let r(h) = -17*h - 3. Let c(o) = -17*o - 4. Suppose -26 = -5*y + 4. Let j(l) = y*c(l) - 7*r(l). Let g be j(3). What is the greatest common divisor of 16 and g?
16
Suppose n = -n + 16. Suppose 0 = 4*s - 24 - n. Suppose -4*y - 100 = -s*y. Calculate the greatest common divisor of 5 and y.
5
Let o(c) = -c**2 + 34*c - 43. Let h be o(30). Let s(w) = w**3 - 7*w**2 + 7*w + 1. Let u be s(6). Calculate the highest common divisor of u and h.
7
Suppose 0 = -3*m - 1 + 61. Calculate the highest common divisor of 50 and m.
10
Suppose 3*c = -0*c - 12. Let q be (c/8)/((-2)/528). Calculate the highest common divisor of 12 and q.
12
Let r(o) = -8*o + 2. Let a = -4 - -1. Let f be r(a). Suppose -4*n = 2*b - f, 2*n + 2*b = -n + 18. Calculate the greatest common divisor of 24 and n.
8
Suppose -2*z - 2*z = -12. Let g be (-1)/z + (-50)/(-6). Let o = -56 - -76. Calculate the greatest common factor of o and g.
4
Let t(r) be the third derivative of -r**5/60 + 13*r**4/24 - 7*r**3/3 + 5*r**2. Let i be t(11). Calculate the greatest common factor of 20 and i.
4
Let c be (2 - -1) + (52 - 7). What is the greatest common factor of 32 and c?
16
Let x be 4/6 + 116/6. Let j = 64 + -4. What is the highest common factor of x and j?
20
Let o(y) = -2*y + 5. Let m be o(-5). What is the highest common divisor of m and 15?
15
Suppose -5*x = d - 14, -d + 7 = -4*x + 2*x. What is the highest common factor of 1 and d?
1
Let k be (4/(-8))/((-2)/8). Suppose -k*c - c + 270 = 0. What is the greatest common divisor of 10 and c?
10
Suppose 0 = -3*r - 5*w - 27, 3*r + 9 = -w + 2*w. Let o(q) = -q. Let k be o(r). Suppose 2*z = k*z - 88. What is the highest common factor of 4 and z?
4
Suppose -3*f - 5*b + 454 = -2*f, 4*b + 4 = 0. What is the greatest common divisor of f and 51?
51
Let n(j) = -j**3 - 7*j**2 - 2*j - 4. Let f be n(-9). Suppose -3*m = -6, -3*c - 4*m + 52 = -c. Calculate the greatest common divisor of c and f.
22
Let a(t) = -t**3 - 3*t**2 - 2*t + 2. Let r be a(-2). Suppose 9 + 15 = -3*q. Let j be (-4)/q*76/r. What is the greatest common divisor of 19 and j?
19
Let f be 1/(-2) + (-25)/(-10). Suppose 0 = 3*q - 1 - f. Suppose -3*b = p - 113, -q = 2*p + 1. Calculate the highest common factor of b and 19.
19
Let p = 8 + 71. Let w = -29 - -5. Let j = w + p. Calculate the greatest common factor of 11 and j.
11
Let g = 29 + -19. What is the greatest common divisor of 90 and g?
10
Let t(v) = 2*v**2 - 2*v - 4. Let p = 7 + -2. Let m be t(p). Calculate the highest common factor of m and 54.
18
Let s(w) = -w**3 - 4*w**2 - 3*w + 2. Let g be s(-3). Suppose 0 = -t + 2*x + 6, 4 = -g*t - 3*x + 16. What is the highest common factor of 3 and t?
3
Let q be 1*(4/2 + 0). Suppose -2*t + 88 = 2*r, 0*t - 56 = -r + q*t. Let s(o) = -o**2 + 8*o - 4. Let j be s(4). What is the highest common factor of j and r?
12
Suppose -4*z - 3*j + 28 = 8, j = -3*z + 20. Calculate the highest common divisor of 32 and z.
8
Let s(n) be the second derivative of -n**4/2 + n**3/6 + 2*n. Let y be s(1). Let f = 14 + y. Calculate the greatest common divisor of 45 and f.
9
Suppose 11*a + 360 = 15*a. Suppose 3*z = -5*i + 177 + a, 4*z = 4*i - 220. What is the highest common divisor of 6 and i?
6
Suppose -4*r + 4*v + 132 = 0, 3*v = 2*r - v - 64. Calculate the highest common divisor of 51 and r.
17
Suppose -5*l + 35 = 3*j + 2*j, 0 = 5*l + 3*j - 35. What is the greatest common factor of l and 63?
7
Let p = -1 - -1. Let q be -1 - p - (-5)/5. Let i be 0 + 16 - q/2. What is the highest common factor of 4 and i?
4
Suppose 7*l - 4*l = -15, 0 = 4*o + 4*l - 196. Calculate the greatest common divisor of 135 and o.
27
Let k be 2/(-2) + 121 + 3. Let o = -53 + k. Calculate the greatest common factor of o and 10.
10
Suppose 5*d - 2*d + 4*s = -34, 4*d + 97 = 5*s. Let h = -11 - d. What is the highest common divisor of h and 21?
7
Let r(m) = 3*m**2 + 6*m. Let o be r(-5). Let i be 10/o + 2289/27. Calculate the highest common factor of 34 and i.
17
Let f = -15 + 105. Suppose 0 = 2*m - 25 + 3. Let j = m + 7. What is the highest common factor of j and f?
18
L